{"id":89,"date":"2022-10-06T17:00:44","date_gmt":"2022-10-06T15:00:44","guid":{"rendered":"http:\/\/esparquet.com\/?page_id=89"},"modified":"2022-11-03T12:12:53","modified_gmt":"2022-11-03T11:12:53","slug":"sols-sportif","status":"publish","type":"page","link":"https:\/\/esparquet.com\/index.php\/sols-sportif\/","title":{"rendered":"SOL SPORTIF"},"content":{"rendered":"\n<h2 class=\"wp-block-heading\">Parquet salle de sports <\/h2>\n\n\n\n<p>Le syst\u00e8me Junckers Blubat comprend un parquet Junckers en bois massif de 22 mm, clou\u00e9 sur lambourdes cr\u00e9nel\u00e9es en lamell\u00e9 coll\u00e9, comprenant un montage de simples bandes caoutchouc sp\u00e9cialement con\u00e7ues et pr\u00e9 mont\u00e9es sur la sous-face de la lambourde. L&rsquo;absorption des chocs et l&rsquo;\u00e9lasticit\u00e9 de ce type de parquet convient parfaitement aux salles multifonctions et aux jeux de balles rapides dont la pratique implique des chocs mod\u00e9r\u00e9s.<\/p>\n\n\n\n<figure class=\"wp-block-gallery has-nested-images columns-default is-cropped wp-block-gallery-1 is-layout-flex wp-block-gallery-is-layout-flex\">\n<figure class=\"wp-block-image size-large\"><a href=\"http:\/\/esparquet.com\/wp-content\/uploads\/2022\/10\/SALLE-SOUFFEL-004-scaled.jpg\" data-rel=\"lightbox-gallery-Z0cj2HgB\" data-rl_title=\"\" data-rl_caption=\"\" title=\"\"><img loading=\"lazy\" decoding=\"async\" width=\"1024\" height=\"768\" data-id=\"160\" src=\"http:\/\/esparquet.com\/wp-content\/uploads\/2022\/10\/SALLE-SOUFFEL-004-1024x768.jpg\" alt=\"\" class=\"wp-image-160\" srcset=\"https:\/\/esparquet.com\/wp-content\/uploads\/2022\/10\/SALLE-SOUFFEL-004-1024x768.jpg 1024w, https:\/\/esparquet.com\/wp-content\/uploads\/2022\/10\/SALLE-SOUFFEL-004-300x225.jpg 300w, https:\/\/esparquet.com\/wp-content\/uploads\/2022\/10\/SALLE-SOUFFEL-004-768x576.jpg 768w, https:\/\/esparquet.com\/wp-content\/uploads\/2022\/10\/SALLE-SOUFFEL-004-1536x1152.jpg 1536w, https:\/\/esparquet.com\/wp-content\/uploads\/2022\/10\/SALLE-SOUFFEL-004-2048x1536.jpg 2048w\" sizes=\"(max-width: 1024px) 100vw, 1024px\" \/><\/a><\/figure>\n\n\n\n<figure class=\"wp-block-image size-large\"><a href=\"http:\/\/esparquet.com\/wp-content\/uploads\/2022\/10\/SALLE-SOUFFEL-014-scaled.jpg\" data-rel=\"lightbox-gallery-Z0cj2HgB\" data-rl_title=\"\" data-rl_caption=\"\" title=\"\"><img loading=\"lazy\" decoding=\"async\" width=\"1024\" height=\"768\" data-id=\"161\" src=\"http:\/\/esparquet.com\/wp-content\/uploads\/2022\/10\/SALLE-SOUFFEL-014-1024x768.jpg\" alt=\"\" class=\"wp-image-161\" srcset=\"https:\/\/esparquet.com\/wp-content\/uploads\/2022\/10\/SALLE-SOUFFEL-014-1024x768.jpg 1024w, https:\/\/esparquet.com\/wp-content\/uploads\/2022\/10\/SALLE-SOUFFEL-014-300x225.jpg 300w, https:\/\/esparquet.com\/wp-content\/uploads\/2022\/10\/SALLE-SOUFFEL-014-768x576.jpg 768w, https:\/\/esparquet.com\/wp-content\/uploads\/2022\/10\/SALLE-SOUFFEL-014-1536x1152.jpg 1536w, https:\/\/esparquet.com\/wp-content\/uploads\/2022\/10\/SALLE-SOUFFEL-014-2048x1536.jpg 2048w\" sizes=\"(max-width: 1024px) 100vw, 1024px\" \/><\/a><\/figure>\n\n\n\n<figure class=\"wp-block-image size-large\"><a href=\"http:\/\/esparquet.com\/wp-content\/uploads\/2022\/10\/SALLE-SOUFFEL-032-scaled.jpg\" data-rel=\"lightbox-gallery-Z0cj2HgB\" data-rl_title=\"\" data-rl_caption=\"\" title=\"\"><img loading=\"lazy\" decoding=\"async\" width=\"1024\" height=\"768\" data-id=\"168\" src=\"http:\/\/esparquet.com\/wp-content\/uploads\/2022\/10\/SALLE-SOUFFEL-032-1024x768.jpg\" alt=\"\" class=\"wp-image-168\" srcset=\"https:\/\/esparquet.com\/wp-content\/uploads\/2022\/10\/SALLE-SOUFFEL-032-1024x768.jpg 1024w, https:\/\/esparquet.com\/wp-content\/uploads\/2022\/10\/SALLE-SOUFFEL-032-300x225.jpg 300w, https:\/\/esparquet.com\/wp-content\/uploads\/2022\/10\/SALLE-SOUFFEL-032-768x576.jpg 768w, https:\/\/esparquet.com\/wp-content\/uploads\/2022\/10\/SALLE-SOUFFEL-032-1536x1152.jpg 1536w, https:\/\/esparquet.com\/wp-content\/uploads\/2022\/10\/SALLE-SOUFFEL-032-2048x1536.jpg 2048w\" sizes=\"(max-width: 1024px) 100vw, 1024px\" \/><\/a><\/figure>\n\n\n\n<figure class=\"wp-block-image size-large\"><a href=\"http:\/\/esparquet.com\/wp-content\/uploads\/2022\/10\/IMG_0709-scaled.jpg\" data-rel=\"lightbox-gallery-Z0cj2HgB\" data-rl_title=\"\" data-rl_caption=\"\" title=\"\"><img loading=\"lazy\" decoding=\"async\" width=\"768\" height=\"1024\" data-id=\"164\" src=\"http:\/\/esparquet.com\/wp-content\/uploads\/2022\/10\/IMG_0709-768x1024.jpg\" alt=\"\" class=\"wp-image-164\" srcset=\"https:\/\/esparquet.com\/wp-content\/uploads\/2022\/10\/IMG_0709-768x1024.jpg 768w, https:\/\/esparquet.com\/wp-content\/uploads\/2022\/10\/IMG_0709-225x300.jpg 225w, https:\/\/esparquet.com\/wp-content\/uploads\/2022\/10\/IMG_0709-1152x1536.jpg 1152w, https:\/\/esparquet.com\/wp-content\/uploads\/2022\/10\/IMG_0709-1536x2048.jpg 1536w, https:\/\/esparquet.com\/wp-content\/uploads\/2022\/10\/IMG_0709-scaled.jpg 1920w\" sizes=\"(max-width: 768px) 100vw, 768px\" \/><\/a><\/figure>\n\n\n\n<figure class=\"wp-block-image size-large\"><a href=\"http:\/\/esparquet.com\/wp-content\/uploads\/2022\/10\/IMG_0696-scaled.jpg\" data-rel=\"lightbox-gallery-Z0cj2HgB\" data-rl_title=\"\" data-rl_caption=\"\" title=\"\"><img loading=\"lazy\" decoding=\"async\" width=\"768\" height=\"1024\" data-id=\"163\" src=\"http:\/\/esparquet.com\/wp-content\/uploads\/2022\/10\/IMG_0696-768x1024.jpg\" alt=\"\" class=\"wp-image-163\" srcset=\"https:\/\/esparquet.com\/wp-content\/uploads\/2022\/10\/IMG_0696-768x1024.jpg 768w, https:\/\/esparquet.com\/wp-content\/uploads\/2022\/10\/IMG_0696-225x300.jpg 225w, https:\/\/esparquet.com\/wp-content\/uploads\/2022\/10\/IMG_0696-1152x1536.jpg 1152w, https:\/\/esparquet.com\/wp-content\/uploads\/2022\/10\/IMG_0696-1536x2048.jpg 1536w, https:\/\/esparquet.com\/wp-content\/uploads\/2022\/10\/IMG_0696-scaled.jpg 1920w\" sizes=\"(max-width: 768px) 100vw, 768px\" \/><\/a><\/figure>\n\n\n\n<figure class=\"wp-block-image size-large\"><a href=\"http:\/\/esparquet.com\/wp-content\/uploads\/2022\/10\/IMG_0097-1-scaled.jpg\" data-rel=\"lightbox-gallery-Z0cj2HgB\" data-rl_title=\"\" data-rl_caption=\"\" title=\"\"><img loading=\"lazy\" decoding=\"async\" width=\"768\" height=\"1024\" data-id=\"162\" src=\"http:\/\/esparquet.com\/wp-content\/uploads\/2022\/10\/IMG_0097-1-768x1024.jpg\" alt=\"\" class=\"wp-image-162\" srcset=\"https:\/\/esparquet.com\/wp-content\/uploads\/2022\/10\/IMG_0097-1-768x1024.jpg 768w, https:\/\/esparquet.com\/wp-content\/uploads\/2022\/10\/IMG_0097-1-225x300.jpg 225w, https:\/\/esparquet.com\/wp-content\/uploads\/2022\/10\/IMG_0097-1-1152x1536.jpg 1152w, https:\/\/esparquet.com\/wp-content\/uploads\/2022\/10\/IMG_0097-1-1536x2048.jpg 1536w, https:\/\/esparquet.com\/wp-content\/uploads\/2022\/10\/IMG_0097-1-scaled.jpg 1920w\" sizes=\"(max-width: 768px) 100vw, 768px\" \/><\/a><\/figure>\n\n\n\n<figure class=\"wp-block-image size-large\"><a href=\"http:\/\/esparquet.com\/wp-content\/uploads\/2022\/10\/IMG_1212-scaled.jpg\" data-rel=\"lightbox-gallery-Z0cj2HgB\" data-rl_title=\"\" data-rl_caption=\"\" title=\"\"><img loading=\"lazy\" decoding=\"async\" width=\"768\" height=\"1024\" data-id=\"165\" src=\"http:\/\/esparquet.com\/wp-content\/uploads\/2022\/10\/IMG_1212-768x1024.jpg\" alt=\"\" class=\"wp-image-165\" srcset=\"https:\/\/esparquet.com\/wp-content\/uploads\/2022\/10\/IMG_1212-768x1024.jpg 768w, https:\/\/esparquet.com\/wp-content\/uploads\/2022\/10\/IMG_1212-225x300.jpg 225w, https:\/\/esparquet.com\/wp-content\/uploads\/2022\/10\/IMG_1212-1152x1536.jpg 1152w, https:\/\/esparquet.com\/wp-content\/uploads\/2022\/10\/IMG_1212-1536x2048.jpg 1536w, https:\/\/esparquet.com\/wp-content\/uploads\/2022\/10\/IMG_1212-scaled.jpg 1920w\" sizes=\"(max-width: 768px) 100vw, 768px\" \/><\/a><\/figure>\n\n\n\n<figure class=\"wp-block-image size-large\"><a href=\"http:\/\/esparquet.com\/wp-content\/uploads\/2022\/10\/IMG_0700-scaled.jpg\" data-rel=\"lightbox-gallery-Z0cj2HgB\" data-rl_title=\"\" data-rl_caption=\"\" title=\"\"><img loading=\"lazy\" decoding=\"async\" width=\"768\" height=\"1024\" data-id=\"166\" src=\"http:\/\/esparquet.com\/wp-content\/uploads\/2022\/10\/IMG_0700-768x1024.jpg\" alt=\"\" class=\"wp-image-166\" srcset=\"https:\/\/esparquet.com\/wp-content\/uploads\/2022\/10\/IMG_0700-768x1024.jpg 768w, https:\/\/esparquet.com\/wp-content\/uploads\/2022\/10\/IMG_0700-225x300.jpg 225w, https:\/\/esparquet.com\/wp-content\/uploads\/2022\/10\/IMG_0700-1152x1536.jpg 1152w, https:\/\/esparquet.com\/wp-content\/uploads\/2022\/10\/IMG_0700-1536x2048.jpg 1536w, https:\/\/esparquet.com\/wp-content\/uploads\/2022\/10\/IMG_0700-scaled.jpg 1920w\" sizes=\"(max-width: 768px) 100vw, 768px\" \/><\/a><\/figure>\n\n\n\n<figure class=\"wp-block-image size-large\"><a href=\"http:\/\/esparquet.com\/wp-content\/uploads\/2022\/10\/IMG_2640-scaled.jpg\" data-rel=\"lightbox-gallery-Z0cj2HgB\" data-rl_title=\"\" data-rl_caption=\"\" title=\"\"><img loading=\"lazy\" decoding=\"async\" width=\"768\" height=\"1024\" data-id=\"167\" src=\"http:\/\/esparquet.com\/wp-content\/uploads\/2022\/10\/IMG_2640-768x1024.jpg\" alt=\"\" class=\"wp-image-167\" srcset=\"https:\/\/esparquet.com\/wp-content\/uploads\/2022\/10\/IMG_2640-768x1024.jpg 768w, https:\/\/esparquet.com\/wp-content\/uploads\/2022\/10\/IMG_2640-225x300.jpg 225w, https:\/\/esparquet.com\/wp-content\/uploads\/2022\/10\/IMG_2640-1152x1536.jpg 1152w, https:\/\/esparquet.com\/wp-content\/uploads\/2022\/10\/IMG_2640-1536x2048.jpg 1536w, https:\/\/esparquet.com\/wp-content\/uploads\/2022\/10\/IMG_2640-scaled.jpg 1920w\" sizes=\"(max-width: 768px) 100vw, 768px\" \/><\/a><\/figure>\n\n\n\n<figure class=\"wp-block-image size-large\"><a href=\"http:\/\/esparquet.com\/wp-content\/uploads\/2022\/10\/gries-5.jpg\" data-rel=\"lightbox-gallery-Z0cj2HgB\" data-rl_title=\"\" data-rl_caption=\"\" title=\"\"><img loading=\"lazy\" decoding=\"async\" width=\"2048\" height=\"1536\" data-id=\"159\" src=\"http:\/\/esparquet.com\/wp-content\/uploads\/2022\/10\/gries-5.jpg\" alt=\"\" class=\"wp-image-159\" srcset=\"https:\/\/esparquet.com\/wp-content\/uploads\/2022\/10\/gries-5.jpg 2048w, https:\/\/esparquet.com\/wp-content\/uploads\/2022\/10\/gries-5-300x225.jpg 300w, https:\/\/esparquet.com\/wp-content\/uploads\/2022\/10\/gries-5-1024x768.jpg 1024w, https:\/\/esparquet.com\/wp-content\/uploads\/2022\/10\/gries-5-768x576.jpg 768w, https:\/\/esparquet.com\/wp-content\/uploads\/2022\/10\/gries-5-1536x1152.jpg 1536w\" sizes=\"(max-width: 2048px) 100vw, 2048px\" \/><\/a><\/figure>\n\n\n\n<figure class=\"wp-block-image size-large\"><a href=\"http:\/\/esparquet.com\/wp-content\/uploads\/2022\/10\/IMG_7939-scaled.jpg\" data-rel=\"lightbox-gallery-Z0cj2HgB\" data-rl_title=\"\" data-rl_caption=\"\" title=\"\"><img loading=\"lazy\" decoding=\"async\" width=\"768\" height=\"1024\" data-id=\"169\" src=\"http:\/\/esparquet.com\/wp-content\/uploads\/2022\/10\/IMG_7939-768x1024.jpg\" alt=\"\" class=\"wp-image-169\" srcset=\"https:\/\/esparquet.com\/wp-content\/uploads\/2022\/10\/IMG_7939-768x1024.jpg 768w, https:\/\/esparquet.com\/wp-content\/uploads\/2022\/10\/IMG_7939-225x300.jpg 225w, https:\/\/esparquet.com\/wp-content\/uploads\/2022\/10\/IMG_7939-1152x1536.jpg 1152w, https:\/\/esparquet.com\/wp-content\/uploads\/2022\/10\/IMG_7939-1536x2048.jpg 1536w, https:\/\/esparquet.com\/wp-content\/uploads\/2022\/10\/IMG_7939-scaled.jpg 1920w\" sizes=\"(max-width: 768px) 100vw, 768px\" \/><\/a><\/figure>\n\n\n\n<figure class=\"wp-block-image size-large\"><a href=\"http:\/\/esparquet.com\/wp-content\/uploads\/2022\/10\/IMG_5930-1-scaled.jpg\" data-rel=\"lightbox-gallery-Z0cj2HgB\" data-rl_title=\"\" data-rl_caption=\"\" title=\"\"><img loading=\"lazy\" decoding=\"async\" width=\"768\" height=\"1024\" data-id=\"170\" src=\"http:\/\/esparquet.com\/wp-content\/uploads\/2022\/10\/IMG_5930-1-768x1024.jpg\" alt=\"\" class=\"wp-image-170\" srcset=\"https:\/\/esparquet.com\/wp-content\/uploads\/2022\/10\/IMG_5930-1-768x1024.jpg 768w, https:\/\/esparquet.com\/wp-content\/uploads\/2022\/10\/IMG_5930-1-225x300.jpg 225w, https:\/\/esparquet.com\/wp-content\/uploads\/2022\/10\/IMG_5930-1-1152x1536.jpg 1152w, https:\/\/esparquet.com\/wp-content\/uploads\/2022\/10\/IMG_5930-1-1536x2048.jpg 1536w, https:\/\/esparquet.com\/wp-content\/uploads\/2022\/10\/IMG_5930-1-scaled.jpg 1920w\" sizes=\"(max-width: 768px) 100vw, 768px\" \/><\/a><\/figure>\n<\/figure>\n","protected":false},"excerpt":{"rendered":"<p>Parquet salle de sports Le syst\u00e8me Junckers Blubat comprend un parquet Junckers en bois massif de 22 mm, clou\u00e9 sur lambourdes cr\u00e9nel\u00e9es en lamell\u00e9 coll\u00e9, comprenant un montage de simples bandes caoutchouc sp\u00e9cialement con\u00e7ues et pr\u00e9 mont\u00e9es sur la sous-face de la lambourde. L&rsquo;absorption des chocs et l&rsquo;\u00e9lasticit\u00e9 de ce type de parquet convient parfaitement [&hellip;]<\/p>\n","protected":false},"author":1,"featured_media":0,"parent":0,"menu_order":0,"comment_status":"closed","ping_status":"closed","template":"page-templates\/page-full-width.php","meta":{"footnotes":""},"_links":{"self":[{"href":"https:\/\/esparquet.com\/index.php\/wp-json\/wp\/v2\/pages\/89"}],"collection":[{"href":"https:\/\/esparquet.com\/index.php\/wp-json\/wp\/v2\/pages"}],"about":[{"href":"https:\/\/esparquet.com\/index.php\/wp-json\/wp\/v2\/types\/page"}],"author":[{"embeddable":true,"href":"https:\/\/esparquet.com\/index.php\/wp-json\/wp\/v2\/users\/1"}],"replies":[{"embeddable":true,"href":"https:\/\/esparquet.com\/index.php\/wp-json\/wp\/v2\/comments?post=89"}],"version-history":[{"count":5,"href":"https:\/\/esparquet.com\/index.php\/wp-json\/wp\/v2\/pages\/89\/revisions"}],"predecessor-version":[{"id":206,"href":"https:\/\/esparquet.com\/index.php\/wp-json\/wp\/v2\/pages\/89\/revisions\/206"}],"wp:attachment":[{"href":"https:\/\/esparquet.com\/index.php\/wp-json\/wp\/v2\/media?parent=89"}],"curies":[{"name":"wp","href":"https:\/\/api.w.org\/{rel}","templated":true}]}}