{"id":26,"date":"2022-10-03T16:13:37","date_gmt":"2022-10-03T14:13:37","guid":{"rendered":"http:\/\/esparquet.com\/?page_id=26"},"modified":"2024-03-15T14:25:34","modified_gmt":"2024-03-15T13:25:34","slug":"a-propos","status":"publish","type":"page","link":"https:\/\/esparquet.com\/index.php\/a-propos\/","title":{"rendered":"A PROPOS"},"content":{"rendered":"<p>C&rsquo;est en 1965 que Jean Andlauer cr\u00e9a l&rsquo;entreprise \u00ab\u00a0Parquet Andlauer\u00a0\u00bb. En 2003, Luis Espirito reprenait cette entreprise riche de plus de 40 ans d&rsquo;exp\u00e9rience sous le nom d&rsquo;ES Parquet.<\/p>\n<p>Vous trouverez chez nous un accueil chaleureux et une \u00e9quipe de professionnels en mesure de vous proposer un choix \u00e9tendu de parquets massifs et stratifi\u00e9s.<\/p>\n<p>Nous travaillons en exclusivit\u00e9 avec deux partenaires reconnus pour la qualit\u00e9 de leurs bois et finitions : Juncker et Listone Giordano.<\/p>\n\n\n<h2 class=\"has-text-color wp-block-heading\" style=\"color:#8c6d09\">Le parquet du grand public.<\/h2>\n\n\n\n<p>Pour les collectivit\u00e9s et les entreprises recevant du public en grand nombre comme les \u00e9coles, les biblioth\u00e8que, les salles des f\u00eates, les th\u00e9\u00e2tres, les salles de spectacle &#8230; : nous vous proposons un parquet durable qui r\u00e9siste au passage des foules et du temps.<\/p>\n\n\n\n<h2 class=\"has-text-color wp-block-heading\" style=\"color:#8c6d09\">Le parquet des sols sportifs.<\/h2>\n\n\n\n<p>Nous sommes experts en sol sportif pour les salles multisports, de basquet indoor, de danse, de judo, de combat &#8230;. , notre savoir-faire vous apporte une qualit\u00e9 \u00e0 toute \u00e9preuve.<\/p>\n\n\n\n<h2 class=\"has-text-color wp-block-heading\" style=\"color:#8c6d09\">Le parquet du commerce et de bureaux.<\/h2>\n\n\n\n<p>Pour les commer\u00e7ants nous proposons des sols r\u00e9sistant en harmonie avec leur merchandising. Pour les entreprises du tertiaire, nous r\u00e9alisons les sols de leurs succursales en phase avec leurs designers. Les immeubles de bureaux, les centres administratifs et les si\u00e8ges d&rsquo;entreprise accueillant du personnel ont des sols parquets r\u00e9pondant \u00e0 des exigences techniques adapt\u00e9es.<\/p>\n\n\n\n<h2 class=\"has-text-color wp-block-heading\" style=\"color:#8c6d09\">Le parquet du particulier.<\/h2>\n\n\n\n<p>Pour l&rsquo;habitat priv\u00e9 en maison ou en appartement, dans un chalet, \u00e0 la campagne ou en ville, le parquet est un \u00e9l\u00e9ment de d\u00e9coration mais \u00e9galement de confort pour l&rsquo;habitat. Nous avons une large gamme de parquets neufs avec des finitions tr\u00e8s raffin\u00e9es, que nous posons par notre \u00e9quipe d&rsquo;artisans et nous proposons \u00e9galement de la r\u00e9novation de parquets existants.<\/p>\n\n\n\n<h2 class=\"has-text-color wp-block-heading\" style=\"color:#8c6d09\">Les sols ext\u00e9rieurs.<\/h2>\n\n\n\n<p>Les sols en bois ext\u00e9rieurs doivent r\u00e9sister aux intemp\u00e9ries tout en conservant leur qualit\u00e9. Les produits propos\u00e9s sont pos\u00e9s avec soins pour une terrasse, autour d&rsquo;une piscine, un balcon ou un chemin de passage.<\/p>\n\n\n\n<p>En image, d\u00e9couvrez notre savoir-faire \u2026<\/p>\n\n\n\n<figure class=\"wp-block-gallery has-nested-images columns-4 is-cropped wp-block-gallery-1 is-layout-flex wp-block-gallery-is-layout-flex\">\n<figure class=\"wp-block-image size-large\"><a href=\"http:\/\/esparquet.com\/wp-content\/uploads\/2022\/10\/IMG_0838-scaled.jpg\" data-rel=\"lightbox-gallery-XZ9ixPoO\" data-rl_title=\"\" data-rl_caption=\"\" title=\"\"><img loading=\"lazy\" decoding=\"async\" width=\"768\" height=\"1024\" data-id=\"32\" src=\"http:\/\/esparquet.com\/wp-content\/uploads\/2022\/10\/IMG_0838-768x1024.jpg\" alt=\"\" class=\"wp-image-32\" srcset=\"https:\/\/esparquet.com\/wp-content\/uploads\/2022\/10\/IMG_0838-768x1024.jpg 768w, https:\/\/esparquet.com\/wp-content\/uploads\/2022\/10\/IMG_0838-225x300.jpg 225w, https:\/\/esparquet.com\/wp-content\/uploads\/2022\/10\/IMG_0838-1152x1536.jpg 1152w, https:\/\/esparquet.com\/wp-content\/uploads\/2022\/10\/IMG_0838-1536x2048.jpg 1536w, https:\/\/esparquet.com\/wp-content\/uploads\/2022\/10\/IMG_0838-scaled.jpg 1920w\" sizes=\"(max-width: 768px) 100vw, 768px\" \/><\/a><\/figure>\n\n\n\n<figure class=\"wp-block-image size-large\"><a href=\"http:\/\/esparquet.com\/wp-content\/uploads\/2022\/10\/208374231_326594298999016_993776495349510732_n.jpg\" data-rel=\"lightbox-gallery-XZ9ixPoO\" data-rl_title=\"\" data-rl_caption=\"\" title=\"\"><img loading=\"lazy\" decoding=\"async\" width=\"768\" height=\"1024\" data-id=\"39\" src=\"http:\/\/esparquet.com\/wp-content\/uploads\/2022\/10\/208374231_326594298999016_993776495349510732_n-768x1024.jpg\" alt=\"\" class=\"wp-image-39\" srcset=\"https:\/\/esparquet.com\/wp-content\/uploads\/2022\/10\/208374231_326594298999016_993776495349510732_n-768x1024.jpg 768w, https:\/\/esparquet.com\/wp-content\/uploads\/2022\/10\/208374231_326594298999016_993776495349510732_n-225x300.jpg 225w, https:\/\/esparquet.com\/wp-content\/uploads\/2022\/10\/208374231_326594298999016_993776495349510732_n.jpg 1108w\" sizes=\"(max-width: 768px) 100vw, 768px\" \/><\/a><\/figure>\n\n\n\n<figure class=\"wp-block-image size-large\"><a href=\"http:\/\/esparquet.com\/wp-content\/uploads\/2022\/10\/208918284_1614499855415992_3813843342816669542_n.jpg\" data-rel=\"lightbox-gallery-XZ9ixPoO\" data-rl_title=\"\" data-rl_caption=\"\" title=\"\"><img loading=\"lazy\" decoding=\"async\" width=\"768\" height=\"1024\" data-id=\"40\" src=\"http:\/\/esparquet.com\/wp-content\/uploads\/2022\/10\/208918284_1614499855415992_3813843342816669542_n-768x1024.jpg\" alt=\"\" class=\"wp-image-40\" srcset=\"https:\/\/esparquet.com\/wp-content\/uploads\/2022\/10\/208918284_1614499855415992_3813843342816669542_n-768x1024.jpg 768w, https:\/\/esparquet.com\/wp-content\/uploads\/2022\/10\/208918284_1614499855415992_3813843342816669542_n-225x300.jpg 225w, https:\/\/esparquet.com\/wp-content\/uploads\/2022\/10\/208918284_1614499855415992_3813843342816669542_n.jpg 1108w\" sizes=\"(max-width: 768px) 100vw, 768px\" \/><\/a><\/figure>\n\n\n\n<figure class=\"wp-block-image size-large\"><a href=\"http:\/\/esparquet.com\/wp-content\/uploads\/2022\/10\/179730738_3160605477550059_402506494164064172_n.jpg\" data-rel=\"lightbox-gallery-XZ9ixPoO\" data-rl_title=\"\" data-rl_caption=\"\" title=\"\"><img loading=\"lazy\" decoding=\"async\" width=\"768\" height=\"1024\" data-id=\"42\" src=\"http:\/\/esparquet.com\/wp-content\/uploads\/2022\/10\/179730738_3160605477550059_402506494164064172_n-768x1024.jpg\" alt=\"\" class=\"wp-image-42\" srcset=\"https:\/\/esparquet.com\/wp-content\/uploads\/2022\/10\/179730738_3160605477550059_402506494164064172_n-768x1024.jpg 768w, https:\/\/esparquet.com\/wp-content\/uploads\/2022\/10\/179730738_3160605477550059_402506494164064172_n-225x300.jpg 225w, https:\/\/esparquet.com\/wp-content\/uploads\/2022\/10\/179730738_3160605477550059_402506494164064172_n-1152x1536.jpg 1152w, https:\/\/esparquet.com\/wp-content\/uploads\/2022\/10\/179730738_3160605477550059_402506494164064172_n.jpg 1536w\" sizes=\"(max-width: 768px) 100vw, 768px\" \/><\/a><\/figure>\n\n\n\n<figure class=\"wp-block-image size-large\"><a href=\"http:\/\/esparquet.com\/wp-content\/uploads\/2022\/10\/IMG_6183-scaled.jpg\" data-rel=\"lightbox-gallery-XZ9ixPoO\" data-rl_title=\"\" data-rl_caption=\"\" title=\"\"><img loading=\"lazy\" decoding=\"async\" width=\"768\" height=\"1024\" data-id=\"387\" src=\"http:\/\/esparquet.com\/wp-content\/uploads\/2022\/10\/IMG_6183-768x1024.jpg\" alt=\"\" class=\"wp-image-387\" srcset=\"https:\/\/esparquet.com\/wp-content\/uploads\/2022\/10\/IMG_6183-768x1024.jpg 768w, https:\/\/esparquet.com\/wp-content\/uploads\/2022\/10\/IMG_6183-225x300.jpg 225w, https:\/\/esparquet.com\/wp-content\/uploads\/2022\/10\/IMG_6183-1152x1536.jpg 1152w, https:\/\/esparquet.com\/wp-content\/uploads\/2022\/10\/IMG_6183-1536x2048.jpg 1536w, https:\/\/esparquet.com\/wp-content\/uploads\/2022\/10\/IMG_6183-scaled.jpg 1920w\" sizes=\"(max-width: 768px) 100vw, 768px\" \/><\/a><\/figure>\n\n\n\n<figure class=\"wp-block-image size-large\"><a href=\"http:\/\/esparquet.com\/wp-content\/uploads\/2022\/10\/IMG_9907-scaled.jpg\" data-rel=\"lightbox-gallery-XZ9ixPoO\" data-rl_title=\"\" data-rl_caption=\"\" title=\"\"><img loading=\"lazy\" decoding=\"async\" width=\"768\" height=\"1024\" data-id=\"389\" src=\"http:\/\/esparquet.com\/wp-content\/uploads\/2022\/10\/IMG_9907-768x1024.jpg\" alt=\"\" class=\"wp-image-389\" srcset=\"https:\/\/esparquet.com\/wp-content\/uploads\/2022\/10\/IMG_9907-768x1024.jpg 768w, https:\/\/esparquet.com\/wp-content\/uploads\/2022\/10\/IMG_9907-225x300.jpg 225w, https:\/\/esparquet.com\/wp-content\/uploads\/2022\/10\/IMG_9907-1152x1536.jpg 1152w, https:\/\/esparquet.com\/wp-content\/uploads\/2022\/10\/IMG_9907-1536x2048.jpg 1536w, https:\/\/esparquet.com\/wp-content\/uploads\/2022\/10\/IMG_9907-scaled.jpg 1920w\" sizes=\"(max-width: 768px) 100vw, 768px\" \/><\/a><\/figure>\n\n\n\n<figure class=\"wp-block-image size-large\"><a href=\"http:\/\/esparquet.com\/wp-content\/uploads\/2022\/10\/IMG_0846-scaled.jpg\" data-rel=\"lightbox-gallery-XZ9ixPoO\" data-rl_title=\"\" data-rl_caption=\"\" title=\"\"><img loading=\"lazy\" decoding=\"async\" width=\"1024\" height=\"768\" data-id=\"393\" src=\"http:\/\/esparquet.com\/wp-content\/uploads\/2022\/10\/IMG_0846-1024x768.jpg\" alt=\"\" class=\"wp-image-393\" srcset=\"https:\/\/esparquet.com\/wp-content\/uploads\/2022\/10\/IMG_0846-1024x768.jpg 1024w, https:\/\/esparquet.com\/wp-content\/uploads\/2022\/10\/IMG_0846-300x225.jpg 300w, https:\/\/esparquet.com\/wp-content\/uploads\/2022\/10\/IMG_0846-768x576.jpg 768w, https:\/\/esparquet.com\/wp-content\/uploads\/2022\/10\/IMG_0846-1536x1152.jpg 1536w, https:\/\/esparquet.com\/wp-content\/uploads\/2022\/10\/IMG_0846-2048x1536.jpg 2048w\" sizes=\"(max-width: 1024px) 100vw, 1024px\" \/><\/a><\/figure>\n\n\n\n<figure class=\"wp-block-image size-large\"><a href=\"http:\/\/esparquet.com\/wp-content\/uploads\/2022\/10\/IMG_0849-scaled.jpg\" data-rel=\"lightbox-gallery-XZ9ixPoO\" data-rl_title=\"\" data-rl_caption=\"\" title=\"\"><img loading=\"lazy\" decoding=\"async\" width=\"1024\" height=\"768\" data-id=\"396\" src=\"http:\/\/esparquet.com\/wp-content\/uploads\/2022\/10\/IMG_0849-1024x768.jpg\" alt=\"\" class=\"wp-image-396\" srcset=\"https:\/\/esparquet.com\/wp-content\/uploads\/2022\/10\/IMG_0849-1024x768.jpg 1024w, https:\/\/esparquet.com\/wp-content\/uploads\/2022\/10\/IMG_0849-300x225.jpg 300w, https:\/\/esparquet.com\/wp-content\/uploads\/2022\/10\/IMG_0849-768x576.jpg 768w, https:\/\/esparquet.com\/wp-content\/uploads\/2022\/10\/IMG_0849-1536x1152.jpg 1536w, https:\/\/esparquet.com\/wp-content\/uploads\/2022\/10\/IMG_0849-2048x1536.jpg 2048w\" sizes=\"(max-width: 1024px) 100vw, 1024px\" \/><\/a><\/figure>\n<\/figure>\n","protected":false},"excerpt":{"rendered":"<p>C&rsquo;est en 1965 que Jean Andlauer cr\u00e9a l&rsquo;entreprise \u00ab\u00a0Parquet Andlauer\u00a0\u00bb. En 2003, Luis Espirito reprenait cette entreprise riche de plus de 40 ans d&rsquo;exp\u00e9rience sous le nom d&rsquo;ES Parquet. Vous trouverez chez nous un accueil chaleureux et une \u00e9quipe de professionnels en mesure de vous proposer un choix \u00e9tendu de parquets massifs et stratifi\u00e9s. Nous [&hellip;]<\/p>\n","protected":false},"author":1,"featured_media":0,"parent":0,"menu_order":0,"comment_status":"closed","ping_status":"closed","template":"page-templates\/page-full-width.php","meta":{"footnotes":""},"_links":{"self":[{"href":"https:\/\/esparquet.com\/index.php\/wp-json\/wp\/v2\/pages\/26"}],"collection":[{"href":"https:\/\/esparquet.com\/index.php\/wp-json\/wp\/v2\/pages"}],"about":[{"href":"https:\/\/esparquet.com\/index.php\/wp-json\/wp\/v2\/types\/page"}],"author":[{"embeddable":true,"href":"https:\/\/esparquet.com\/index.php\/wp-json\/wp\/v2\/users\/1"}],"replies":[{"embeddable":true,"href":"https:\/\/esparquet.com\/index.php\/wp-json\/wp\/v2\/comments?post=26"}],"version-history":[{"count":24,"href":"https:\/\/esparquet.com\/index.php\/wp-json\/wp\/v2\/pages\/26\/revisions"}],"predecessor-version":[{"id":520,"href":"https:\/\/esparquet.com\/index.php\/wp-json\/wp\/v2\/pages\/26\/revisions\/520"}],"wp:attachment":[{"href":"https:\/\/esparquet.com\/index.php\/wp-json\/wp\/v2\/media?parent=26"}],"curies":[{"name":"wp","href":"https:\/\/api.w.org\/{rel}","templated":true}]}}